 h(-22)?
14
Let x(p) = p**3 + 7*p**2 - 7*p - 46. Give x(-9).
-145
Let r(y) = -6*y**3 - 27*y**2 + 28*y - 29. Give r(-6).
127
Let c(m) = 16*m**2 - 33*m + 8. What is c(2)?
6
Let d(q) = -242*q - 1956. Give d(-8).
-20
Let u(m) = 4*m**2 + 71*m + 177. Determine u(-15).
12
Let u(a) = -25*a**2 + 287*a + 14. Calculate u(12).
-142
Let y(v) = v**3 - 8*v**2 + 36*v - 39. Determine y(3).
24
Let l(q) = q**3 - 7*q**2 + 49*q - 375. Determine l(7).
-32
Let s(c) = -2*c**2 + 42*c + 418. Determine s(-8).
-46
Let y(c) = 2*c**2 + 89*c + 47. Give y(-44).
3
Let z(r) = 2*r**2 + 122*r + 1283. Calculate z(-14).
-33
Let g(h) = -13*h - 489. Calculate g(-44).
83
Let p(r) = -28*r**3 + 2*r**2 + 4*r + 1. What is p(2)?
-207
Let t(q) = 17*q - 3. Give t(7).
116
Let i(a) = 28*a - 132. Calculate i(11).
176
Let t(c) = -c**3 - 60*c**2 - 113*c + 170. What is t(-58)?
-4
Let g(f) = f**3 - 9*f**2 + 3*f - 35. What is g(8)?
-75
Let h(f) = -23*f - 1554. What is h(-68)?
10
Let r(h) = -h**3 - 18*h**2 - 89*h - 96. Give r(-10).
-6
Let j(u) = 3*u**2 - 72*u + 436. Determine j(9).
31
Let o(h) = 3827*h - 15276. What is o(4)?
32
Let u(r) = -6732*r + 33633. Calculate u(5).
-27
Let g(s) = -5*s**3 - 239*s**2 + 51*s + 166. What is g(-48)?
22
Let u(r) = -r**3 + 43*r**2 - 360*r + 488. Give u(9).
2
Let v(p) = p**3 + 16*p - 33. Determine v(2).
7
Let l(d) = 6*d**2 + 7*d - 20. Calculate l(-6).
154
Let p(a) = 22*a + 1405. What is p(-63)?
19
Let l(r) = -r**3 - 3*r**2 + 88*r + 171. Give l(-10).
-9
Let j(s) = -s**2 - 113*s - 824. Determine j(-107).
-182
Let q(n) = 19*n**3 - 133*n**2 - 5*n - 6. Calculate q(7).
-41
Let h(j) = -139*j + 702. Determine h(5).
7
Let y(p) = p**3 + 77*p**2 + 352*p - 556. What is y(-72)?
20
Let y(w) = w**3 + 16*w**2 + 49*w. What is y(-4)?
-4
Let i(a) = -9*a**2 - 107*a - 161. Calculate i(-10).
9
Let d(q) = 15*q + 530. Determine d(-31).
65
Let l(n) = 12726*n + 190890. Calculate l(-15).
0
Let f(d) = 324*d - 2252. Give f(7).
16
Let j(h) = 8*h**3 - 24*h**2 - 140*h + 5. Give j(6).
29
Let t(h) = h**3 - 77*h**2 + 7*h - 548. What is t(77)?
-9
Let n(w) = -w**2 + 35*w + 347. Give n(-8).
3
Let q(w) = 2*w**2 + 49*w + 18. Give q(-20).
-162
Let y(h) = 10*h**2 + 3*h - 14. Calculate y(3).
85
Let q(d) = -15*d - 137. Determine q(-10).
13
Let s(v) = -v**3 + 20*v**2 - 67*v - 39. Give s(5).
1
Let h(y) = -29*y**2 - 91*y + 36. What is h(-4)?
-64
Let d(h) = 26*h + 278. What is d(-11)?
-8
Let b(n) = 577*n - 3454. Calculate b(6).
8
Let c(n) = -n**3 - 38*n**2 + 27*n - 469. Determine c(-39).
-1
Let z(f) = -f**2 - 209*f + 624. Give z(3).
-12
Let g(u) = 5*u**3 + 664*u**2 - 124*u + 1245. Calculate g(-133).
48
Let n(f) = 7*f**2 + 107*f - 180. Determine n(-17).
24
Let a(r) = -r**2 + 2*r - 35. Determine a(-7).
-98
Let n(r) = r**3 + 26*r**2 + 8*r + 17. Determine n(-26).
-191
Let c(l) = -18*l**2 - 5*l - 2. What is c(-3)?
-149
Let y(k) = k**3 + 26*k**2 + 32*k + 127. Determine y(-25).
-48
Let s(w) = -29*w + 342. Calculate s(13).
-35
Let p(o) = -o**3 + 6*o**2 + 429*o - 2170. What is p(5)?
0
Let d(c) = -115*c - 104. What is d(-1)?
11
Let p(a) = -1660*a + 6644. Determine p(4).
4
Let m(n) = n**2 - 41*n - 243. What is m(47)?
39
Let r(t) = -t**3 + 30*t**2 - 13*t - 1206. What is r(28)?
-2
Let g(n) = n**3 - 27*n**2 + 51*n - 29. What is g(25)?
-4
Let d(i) = -3*i**2 + 427*i + 1137. What is d(145)?
-23
Let r(f) = 21*f**3 - 83*f**2 + 9*f - 57. What is r(4)?
-5
Let g(l) = l**3 + 9*l**2 - 189*l + 6. What is g(-19)?
-13
Let k(u) = 2047*u - 6140. Calculate k(3).
1
Let a(s) = -s**2 - 32*s + 13920. Determine a(-135).
15
Let n(y) = 5*y**3 - 2*y**2 - 21*y + 41. What is n(2)?
31
Let g(l) = 924*l - 3681. Give g(4).
15
Let h(n) = 2*n**2 + 70*n - 238. What is h(-38)?
-10
Let y(v) = -10*v**2 + 6*v + 182. What is y(5)?
-38
Let s(h) = -14*h**2 - 1. What is s(1)?
-15
Let r(a) = -a**2 + 47*a - 547. Determine r(20).
-7
Let r(g) = -g**3 + 66*g + 208. Determine r(-4).
8
Let l(r) = 103*r**3 + 5*r**2 + r - 1. Determine l(-1).
-100
Let b(y) = 120*y + 7686. Calculate b(-64).
6
Let g(b) = 6*b**2 + 196*b - 53. Give g(-33).
13
Let y(p) = 22*p + 117. Determine y(-6).
-15
Let p(v) = -29*v - 142. Calculate p(8).
-374
Let u(w) = w**3 + w**2 - 13*w + 37. Give u(4).
65
Let q(k) = -k**3 - 14*k**2 - 55*k - 65. Calculate q(-2).
-3
Let n(u) = 3*u**2 - 12*u - 3. Calculate n(9).
132
Let w(t) = 2*t**3 + 182*t**2 - 7*t - 640. What is w(-91)?
-3
Let l(y) = -6*y**2 - 53*y + 1931. Calculate l(14).
13
Let s(a) = 2*a**2 + 28*a + 85. What is s(-6)?
-11
Let v(d) = -120*d**2 + 119*d + 1. What is v(1)?
0
Let f(k) = k**3 + 2*k**2 - 123*k - 540. What is f(-9)?
0
Let k(u) = u**2 + 11*u + 32. Determine k(-9).
14
Let j(d) = -54*d + 5213. Give j(97).
-25
Let n(x) = -74*x**2 + 1254*x + 74. Give n(17).
6
Let z(o) = o**3 - 98*o**2 + 2348*o + 140. What is z(42)?
-28
Let x(a) = 38*a + 1251. Determine x(-26).
263
Let l(h) = -h**2 + 145*h + 904. What is l(-6)?
-2
Let j(i) = i**3 + 2*i**2 + 8*i + 13. Calculate j(0).
13
Let t(k) = 7*k**2 - 63*k - 147. Determine t(11).
7
Let x(f) = -6*f**2 - 157*f + 13922. Calculate x(-63).
-1
Let u(p) = -p**2 + 13*p - 4. Calculate u(14).
-18
Let p(a) = 6*a**3 + 5*a**2 - 48*a + 12. Give p(5).
647
Let v(l) = l**2 - 128*l + 2477. Give v(24).
-19
Let l(v) = v**3 + 6*v**2 - 9*v - 45. Give l(-5).
25
Let r(j) = -j**3 + 6*j**2 - 12*j + 1. What is r(3)?
-8
Let t(c) = 4*c**2 + 330*c - 495. Determine t(-84).
9
Let p(r) = 2*r**3 - 44*r**2 - 44*r - 51. What is p(23)?
-5
Let b(d) = 80*d - 399. Determine b(6).
81
Let g(i) = 23*i + 67. What is g(-11)?
-186
Let d(a) = 1195*a - 2392. Determine d(2).
-2
Let q(c) = c**3 - 76*c**2 - 234*c + 139. Determine q(79).
376
Let o(b) = 616*b + 23403. What is o(-38)?
-5
Let t(v) = -797*v - 1560. Give t(-2).
34
Let l(h) = 42*h**2 - 767*h + 1536. What is l(16)?
16
Let t(x) = -6*x**2 + 9*x + 52. Calculate t(4).
-8
Let k(o) = 21*o + 374. Give k(-22).
-88
Let r(y) = -2*y**3 + 55*y**2 - 45*y + 506. Give r(27).
20
Let r(i) = 30*i**2 + 11*i - 5. Give r(-2).
93
Let l(m) = 250*m - 7495. What is l(30)?
5
Let n(z) = -3*z**2 + 54*z - 140. Give n(3).
-5
Let k(g) = 27*g + 230. Determine k(-8).
14
Let b(u) = -37*u - 885. What is b(-24)?
3
Let z(b) = -2*b**3 - 33*b**2 + 35*b + 308. Calculate z(-17).
2
Let m(j) = -117*j + 11636. Determine m(100).
-64
Let n(z) = z**3 + 16*z**2 - 26*z + 587. Determine n(-19).
-2
Let d(n) = -273*n - 2441. Give d(-9).
16
Let g(u) = -u**3 - 2*u**2 + 316*u - 1160. Give g(4).
8
Let i(b) = -22*b - 241. Give i(-11).
1
Let n(d) = 3*d**3 - 117*d**2 + 17*d - 737. Determine n(39).
-74
Let a(n) = 869*n + 12155. Give a(-14).
-11
Let p(k) = 7*k**2 - 5*k - 9. What is p(-5)?
191
Let f(b) = b**2 + 244*b + 1187. Calculate f(-5).
-8
Let o(a) = -a**2 - 592*a + 6020. Give o(10).
0
Let n(c) = 73*c + 9. Give n(-3).
-210
Let y(h) = 785*h - 3132. Give y(4).
8
Let h(w) = w**2 - 138*w + 281. Calculate h(2).
9
Let k(o) = 1673*o**2 + 6696*o - 2. Determine k(-4).
-18
Let n(p) = p**3 + 83*p**2 - 258*p - 7483. Calculate n(-85).
-3
Let z(b) = 2*b**2 + 21*b + 14. Determine z(-9).
-13
Let g(u) = u**3 - 43*u**2 + 39*u + 115. Give g(42).
-11
Let m(f) = -36*f + 683. Give m(28).
-325
Let z(p) = 96*p - 586. Give z(8).
182
Let b(m) = -244*m + 1750. What is b(7)?
42
Let a(x) = -x**3 - 12*x**2 - 114. Calculate a(-16).
910
Let k(x) = x**2 + 17*x - 62. Determine k(-16).
-78
Let q(t) = 3*t + 327. Calculate q(-48).
183
Let a(f) = f**3 - 33*f**2 + 28*f + 135. Determine a(32).
7
Let q(c) = 986*c - 171559. Calculate q(174).
5
Let m(x) = 113*x + 867. What is m(-8)?
-37
Let o(u) = -u**3 - 29*u**2 - 11*u - 417. What is o(-29)?
-98
Let z(f) = -f**3 + 46*f**2 - 502*f + 146. Determine z(17).
-7
Let q(f) = -f**2 - 3*f - 7. Calculate q(0).
-7
Let d(m) = -2*m**3 - 14*m**2 - 36*m - 85. Give d(-5).
-5
Let b(o) = 14*o - 471. Give b(27).
-93
Let c(h) = h**3 + 41*h**2 + 54*h + 669. Calculate c(-40).
109
Let w(d) = -6438*d + 51494. Give w(8).
-10
Let u(c) = 58*c**3 + 2*c**2 + 5*c + 6. What is u(-2)?
-460
Let a(c) = -c**3 - 2*c**2 + 150*c + 436. Determine a(-3).
-5
Let q(l) = -8*l**2 - 481*l + 452. Calculate q(-61).
25
Let r(o) = 2*o**2 - 51. What is r(5)?
-1
Let i(u) = 312*u**2 - 1881*u + 50. What is i(6)?
-4
Let o(a) = 7*a**3 + 259*a**2 + 2*a + 81. What is o(-37)?
7
Let i(d) = d**3 - 52*d**2 + 102*d - 41. What is i(50)?
59
Let j(m) = -244*m - 1703. What is j(-7)?
5
Let k(u) = 6*u**2 + 14*u + 16.